{"id":38,"date":"2017-02-03T10:58:33","date_gmt":"2017-02-03T09:58:33","guid":{"rendered":"http:\/\/hp-michel.de\/?page_id=38"},"modified":"2017-09-14T22:43:06","modified_gmt":"2017-09-14T20:43:06","slug":"ganzkoerpermassage","status":"publish","type":"page","link":"http:\/\/hp-michel.de\/?page_id=38","title":{"rendered":"Lomi Lomi Nui"},"content":{"rendered":"<p>Lomi Lomi Nui ist eine hawaiianische Tempelmassage.<\/p>\n<p>Der Willkommensgru\u00df Aloha ist sowohl Willkommens \u2013 als auch Abschiedsgru\u00df und steht f\u00fcr Liebe, N\u00e4chstenliebe, Zuneigung, Warmherzigkeit, Barmherzigkeit, Sympathie, Mitleid, Freundlichkeit, G\u00fcte, Mitgef\u00fchl und Anmut.<\/p>\n<p style=\"text-align: center;\">In diesem Sinne<\/p>\n<p style=\"text-align: center;\"><strong>Aloha<\/strong><\/p>\n<p><strong>Lomi<\/strong> = dr\u00fccken, kneten, reiben \/ Arbeit am Innen und Au\u00dfen<\/p>\n<p>Die Verdopplung des Wortes erh\u00f6ht seine Bedeutung im Hawaiianischen um ein Vielfaches<\/p>\n<p><strong>Nui<\/strong> = einzigartig, wichtig und gro\u00df<\/p>\n<h3>Kleine Einf\u00fchrung<\/h3>\n<p><img loading=\"lazy\" decoding=\"async\" class=\" wp-image-160 alignright\" src=\"http:\/\/hp-michel.de\/wp-content\/uploads\/2017\/02\/massage-therapy-1584711_1280-199x300.jpg\" alt=\"\" width=\"277\" height=\"412\" \/>Die Lomi Lomi Massage wird nicht zu Unrecht als die K\u00f6nigin der Massagen<br \/>\nbezeichnet, denn sie ist eine Ganzk\u00f6rpermassage, die weit \u00fcber eine Entspannungsmassage hinausgeht und urspr\u00fcnglich ein wichtiger Teil einer Heilbehandlung war, mit der auf Geist und Seele ebenso Einfluss genommen wurde, wie auf den K\u00f6rper.<\/p>\n<p>In Deutschland ist sie vorwiegend als Wellness-Behandlung bekannt geworden, was ich sehr schade finde, weil sie eben sehr viel mehr kann.<\/p>\n<p>In ihrem Ursprungsland Hawaii wurde sie von schamanischen Heilern (den Kahunas) ausge\u00fcbt. Es gab nie nur einen \u201eechten\u201c Massagestil, da jeder Kahuna einen eigenen Stil entwickelte und diesen auch weitergab. Ebenso ging jeder Kahuna jedes Mal neu auf die aktuelle Situation des zu Massierenden ein, was ebenfalls zu Abweichungen beim Ablauf f\u00fchren konnte.<\/p>\n<p>Eine Lomi Lomi Massage ist also keine Massage vom Flie\u00dfband, sondern immer eine Behandlung, die individuell an den Klienten angepasst wird.<\/p>\n<p>Die traditionelle Auffassung der Hunas von Gesundheit \u00e4hnelt stark der Traditionellen Chinesischen Medizin und geht ebenso von einer Energie aus, die frei im K\u00f6rper flie\u00dfen k\u00f6nnen sollte. Blockaden, die sich in k\u00f6rperlichen Verspannungen manifestieren, verursachen demnach Krankheiten. Ziel ist es, das Mana (Lebensenergie) wieder zum Flie\u00dfen zu bringen, damit K\u00f6rper, Geist und Seele in Einklang kommen und die Selbstheilungskr\u00e4fte ungest\u00f6rt arbeiten k\u00f6nnen.<\/p>\n<h3>Wissenswertes zu dieser Massage<\/h3>\n<p>Eine Lomi Lomi Nui Massage dauert zwischen 1 \u00bd und 2 Stunden und wird mit \u00d6l ausgef\u00fchrt. Gearbeitet wird dabei nicht nur mit den H\u00e4nden, sondern mit den gesamten Unterarmen einschlie\u00dflich Handgelenken und Ellenbogen. Dennoch sind die Bewegungen flie\u00dfend und variieren in ihrer St\u00e4rke, je nach Bedarf.<\/p>\n<p>Davon ausgehend, dass sich die Vergangenheit eines Menschen im R\u00fccken manifestiert hat (nicht umsonst findet man dort die meisten Verspannu<img loading=\"lazy\" decoding=\"async\" class=\"size-medium wp-image-283 alignleft\" src=\"http:\/\/hp-michel.de\/wp-content\/uploads\/2017\/02\/sand-1630538_960_720-300x200.jpg\" alt=\"\" width=\"300\" height=\"200\" srcset=\"http:\/\/hp-michel.de\/wp-content\/uploads\/2017\/02\/sand-1630538_960_720-300x200.jpg 300w, http:\/\/hp-michel.de\/wp-content\/uploads\/2017\/02\/sand-1630538_960_720-768x512.jpg 768w, http:\/\/hp-michel.de\/wp-content\/uploads\/2017\/02\/sand-1630538_960_720-900x600.jpg 900w, http:\/\/hp-michel.de\/wp-content\/uploads\/2017\/02\/sand-1630538_960_720.jpg 960w\" sizes=\"auto, (max-width: 300px) 100vw, 300px\" \/>ngen) beginnt auch dort die Massage, die sich von den F\u00fc\u00dfen \u00fcber die Beine, den R\u00fccken und die Arme bis zum Kopf fortsetzt. Ziel ist es, dass der Klient das Alte loszulassen kann und offen f\u00fcr Neues wird.<\/p>\n<p>Im Anschluss wird die Vorderseite des K\u00f6rpers massiert, die auf die Zukunft ausgerichtet ist und nun durch die Massage mit Zuversicht und Selbstvertrauen gef\u00fcllt wird.<\/p>\n<p>Am Ende sind K\u00f6rper, Geist und Seele herrlich entspannt, voller positiver Energie, die frei flie\u00dfen kann und der Mensch ist voller Zuversicht f\u00fcr die Zukunft.<\/p>\n<p>Ein Zustand also, in dem Heilung geschehen kann.<\/p>\n<p>Der Klient ist bei dieser Massage unbekleidet oder tr\u00e4gt nur einen bequemen Slip, der die Streichbewegungen von H\u00e4nden und Armen nicht st\u00f6rt. W\u00e4hrend der Massage bleibt die Schamgegend stets mit einem Tuch bedeckt und wird nicht ber\u00fchrt.<\/p>\n<p>Vor Beginn jeder Massage gibt es immer ein Gespr\u00e4ch, bei dem alle noch bestehenden Unklarheiten besprochen werden k\u00f6nnen.<\/p>\n<p>Die sieben Huna-Prinzipien<\/p>\n<p><strong>IKE<\/strong>\u00a0&#8211; Die Welt ist, wof\u00fcr ich sie halte<\/p>\n<p style=\"text-indent: 50px;\">(Sei Dir bewusst, was Du glaubst)<\/p>\n<p><strong>KALA<\/strong>\u00a0&#8211; Es gibt keine Grenzen<\/p>\n<p style=\"text-indent: 50px;\">(Sei frei)<\/p>\n<p><strong>MAKIA<\/strong>\u00a0&#8211; Energie folgt der Aufmerksamkeit<\/p>\n<p style=\"text-indent: 50px;\">(Sei konzentriert auf Dein inneres Ziel)<\/p>\n<p><strong>MANAWA<\/strong>\u00a0&#8211; Jetzt ist der Augenblick der Macht<\/p>\n<p style=\"text-indent: 50px;\">(Sei hier und jetzt und steigere Dein Kraftpotenzial)<\/p>\n<p><strong>ALOHA<\/strong>\u00a0&#8211; lieben hei\u00dft, gl\u00fccklich sein mit \u2026<\/p>\n<p style=\"text-indent: 50px;\">(jemandem, etwas, sich selbst!)<\/p>\n<p><strong>MANA<\/strong>\u00a0&#8211; alle Macht kommt von innen<\/p>\n<p style=\"text-indent: 50px;\">(sei zuversichtlich und habe Vertrauen)<\/p>\n<p><strong>PONO<\/strong>\u00a0&#8211; Wirksamkeit ist das Ma\u00df der Wahrheit<\/p>\n<p style=\"text-indent: 50px;\">(sei gut in dem was Du tust und erwarte das Beste)<\/p>\n<p>&nbsp;<\/p>\n","protected":false},"excerpt":{"rendered":"<p>Lomi Lomi Nui ist eine hawaiianische Tempelmassage. Der Willkommensgru\u00df Aloha ist sowohl Willkommens \u2013 als auch Abschiedsgru\u00df und steht f\u00fcr Liebe, N\u00e4chstenliebe, Zuneigung, Warmherzigkeit, Barmherzigkeit, Sympathie, Mitleid, Freundlichkeit, G\u00fcte, Mitgef\u00fchl und Anmut. In diesem Sinne Aloha Lomi = dr\u00fccken, kneten, reiben \/ Arbeit am Innen und Au\u00dfen Die Verdopplung des Wortes erh\u00f6ht seine Bedeutung im [&hellip;]<\/p>\n","protected":false},"author":1,"featured_media":0,"parent":33,"menu_order":700,"comment_status":"closed","ping_status":"closed","template":"","meta":{"footnotes":""},"class_list":["post-38","page","type-page","status-publish","hentry"],"_links":{"self":[{"href":"http:\/\/hp-michel.de\/index.php?rest_route=\/wp\/v2\/pages\/38","targetHints":{"allow":["GET"]}}],"collection":[{"href":"http:\/\/hp-michel.de\/index.php?rest_route=\/wp\/v2\/pages"}],"about":[{"href":"http:\/\/hp-michel.de\/index.php?rest_route=\/wp\/v2\/types\/page"}],"author":[{"embeddable":true,"href":"http:\/\/hp-michel.de\/index.php?rest_route=\/wp\/v2\/users\/1"}],"replies":[{"embeddable":true,"href":"http:\/\/hp-michel.de\/index.php?rest_route=%2Fwp%2Fv2%2Fcomments&post=38"}],"version-history":[{"count":15,"href":"http:\/\/hp-michel.de\/index.php?rest_route=\/wp\/v2\/pages\/38\/revisions"}],"predecessor-version":[{"id":284,"href":"http:\/\/hp-michel.de\/index.php?rest_route=\/wp\/v2\/pages\/38\/revisions\/284"}],"up":[{"embeddable":true,"href":"http:\/\/hp-michel.de\/index.php?rest_route=\/wp\/v2\/pages\/33"}],"wp:attachment":[{"href":"http:\/\/hp-michel.de\/index.php?rest_route=%2Fwp%2Fv2%2Fmedia&parent=38"}],"curies":[{"name":"wp","href":"https:\/\/api.w.org\/{rel}","templated":true}]}}